n. Let i(d) = -d**3 + 28*d**2 - 8*d + 28. Is i(y) composite?
False
Let r(s) = 48*s**2 + 22*s - 23. Let i be r(-11). Is ((-6)/(-3) - i)*2/(-2) a composite number?
True
Suppose -93*c + 3327795 = -1995932 - 19954324. Is c a composite number?
False
Suppose -2*s - 683166 = -4*b, 4731 = 4*b - 3*s - 678440. Is b prime?
False
Suppose 0 = -13*n + 69426 + 63057. Let l = -3175 + n. Suppose -4*g = -12*g + l. Is g a prime number?
True
Suppose 2*f + s = -21, -f = -3*s + 6*s + 13. Let t(y) = -1815*y + 79. Is t(f) a composite number?
False
Let b = -11077 + 16986. Is b a composite number?
True
Let p = 299256 - 122629. Is p composite?
True
Suppose -4*k = 2*q - 10, 3*k + 3*q = 2*k. Let o(n) = 5 - 18 + 8 + 11*n**k + n**2 + 4. Is o(1) a composite number?
False
Let a(l) = -l**3 - 11*l**2 + 4*l + 14. Let w = -90 - -77. Let h be a(w). Suppose -892 = -4*g + h. Is g prime?
False
Let u = 62 + -57. Suppose 16 = u*w + 1. Suppose 3*z - o - 3025 = o, 5042 = 5*z - w*o. Is z a composite number?
False
Suppose -7*g + 3*g - 36 = 0. Let i be 2 - g/((-6)/(-2)). Is 612/6 - (1 - i) prime?
False
Suppose -2*l - 115 - 43 = z, 4*l = z + 134. Is 359/(3 - z/(-51)) a composite number?
True
Suppose -z - 21517 + 81204 = 0. Is z prime?
False
Suppose -6*y + y + 620679 = 4*c, 4*c = -4*y + 620680. Is c a composite number?
False
Let b = -30731 + 44322. Is b a prime number?
True
Let z(n) = -977*n**3 + 15*n**2 - 41*n - 199. Is z(-6) a prime number?
True
Let n(o) = -35*o + 8. Let f(k) = k**3 - 4*k**2 - 4*k - 13. Let i be f(6). Let y = -38 + i. Is n(y) composite?
False
Let a(t) = 2*t + 23. Let g be a(-10). Suppose 3*f = g*i + 7*f - 7757, 12905 = 5*i + 2*f. Is i a prime number?
True
Let h = 77 - 113. Let n be (-2)/5 - (-1 + h/15). Suppose -3*k + 2641 = 2*l, 4*k - 1510 - 1983 = n*l. Is k a prime number?
True
Suppose -47*s + 51*s = 2*u + 1062824, -5*s - 5*u = -1328485. Is s prime?
True
Let l(r) = 386*r**2 + 12*r - 655. Is l(27) a composite number?
False
Suppose 2*c + 4*x - 10 = 26, 2*x + 18 = c. Suppose c*m = 11*m + 8015. Is m a composite number?
True
Let w be (-3)/(-7) - 296/(-28). Is (-3 + 4)/(w/7799) a composite number?
False
Suppose 0 = -4*i - i - 5. Let r(f) = 2*f + 37. Let g be r(-18). Is i/(-3) - g/(6/(-1984)) a prime number?
True
Suppose -4*l = 0, -10*s = -6*s - 3*l + 280. Is 56342/34 - s/(-595) a composite number?
False
Let r = -4933 + 7345. Let m = -1318 + r. Let v = -609 + m. Is v a prime number?
False
Let q be -1 + (3 - 13) + 3. Let b be (-12)/(-3)*(-402)/q. Is 286/39*b/2 a prime number?
False
Let q(y) = -71*y**3 + 7*y**2 - 10*y - 303. Is q(-8) prime?
False
Let l be (-1)/((-1)/(-3)) + 4. Let b be 186/l*-1*-67. Suppose 8*k = 45386 + b. Is k composite?
True
Let m(c) = 266*c**2 + 3*c - 16. Let q be m(2). Suppose -k + q = n, 4*n - 7*n + k + 3182 = 0. Is n a prime number?
False
Suppose 7*s - 16276 = 20*s. Let l = s - -3585. Is l a composite number?
False
Suppose 14 = -4*l + 3*q - q, 2*q = 2*l + 2. Let z be -2 - (l - ((-5 - -1) + 2)). Suppose z*h - 1861 = 1209. Is h a composite number?
True
Let h(j) be the first derivative of -j**4/4 + j**3 - j**2/2 - 3*j + 30. Let q be h(3). Is 1/(3/q) + 14*14 a composite number?
True
Let d(j) = 8*j + 275. Let l be d(-37). Is (-3)/l + (-51502)/(-77) composite?
True
Suppose -4*y = 5*w - 428136, -129*y + 5*w + 428176 = -125*y. Is y prime?
False
Let k(b) = b**3 - 3*b**2 - 2*b + 4. Let z be k(4). Let t be -7 + 3*4/z. Is (1195/2)/((-3)/t) prime?
False
Suppose 2*p - 84058 = 2*t, -4*t + 4 = -2*t. Is p composite?
True
Let k be -2 + (-48265)/(-21) - (-1)/(-3). Let f = k - -3301. Is f composite?
True
Is (-63)/56 + 1 - (1829430/(-48) + 0) composite?
False
Suppose 1131029 = 20*d + 231679 - 249990. Is d prime?
True
Suppose -19*g = -14*g - 80. Suppose 28*s - g = 24*s. Let n(r) = 52*r - 17. Is n(s) composite?
False
Let n(f) be the third derivative of -311*f**4/8 + 41*f**3/6 + 15*f**2. Is n(-6) composite?
False
Suppose -12*t = 6584 + 3328. Let l = t - -1623. Is l a composite number?
False
Is 445357/22 - (4/(-8) - 1) a composite number?
True
Suppose -1139729 = -5*l + 3*n, -3*l = l - 3*n - 911782. Is l a composite number?
False
Suppose -l = -7 + 16. Let n be (480/8)/(-2)*(-3)/(-6). Is 2042 + 5*l/n a prime number?
False
Let o be (72/90)/((-4)/30290). Let d = 14777 + o. Is d a composite number?
False
Let b be (-5)/10*(0 - (3 - -43)). Let v = -6 + b. Suppose v*y = 22*y - 2690. Is y a composite number?
True
Let s(v) = -v**3 - 86*v**2 - 119*v + 279. Is s(-86) a composite number?
False
Suppose 4*k = 4*d + 12, 0 = -4*k + 2*d + 6. Suppose -4*a + 51685 = 3*v, 2*a + 2*v - 25840 = -k*a. Suppose 21*r - 5702 = a. Is r prime?
True
Let l = 64702 - -83575. Is l composite?
True
Is 8161212/(-12)*(12/(-4) - (-5 - -3)) a composite number?
True
Let o(z) = 4*z**3 + 4*z**2 - 5*z + 4. Let v be o(2). Let c = -36 + v. Suppose c*q - n = q + 3482, -3*q + 2094 = n. Is q a prime number?
False
Let w(z) = 434*z**2 + 8*z - 29. Let y be ((-4)/6)/(((-31)/(-6))/(-31)). Is w(y) a prime number?
True
Let t(a) = 286*a + 1. Let i be t(1). Let j = i - -5720. Is j prime?
True
Let i(c) = -c**2 - 8*c - 11. Let g(v) = -v + 1. Let u be g(5). Let l be i(u). Suppose 4*z - l*t - 1094 = 1106, 3*z - 1619 = -4*t. Is z a composite number?
True
Let m(t) = 44*t + 53. Let h = -158 + 179. Is m(h) composite?
False
Suppose -3*f = -0 - 24. Let d(i) = i**3 - 8*i**2 + 5. Let l be d(f). Suppose 0 = -l*c + 439 + 306. Is c a composite number?
False
Let x = 22931 - -62618. Is x composite?
False
Let k = -2194817 - -3579259. Is k composite?
True
Let i(g) = 6*g**2 + g. Let q be i(-1). Let n(l) = 6*l**3 + 3*l**2 - 9*l - 11. Let h be n(5). Suppose -q*k + 2006 = 5*c - h, c + 2200 = 4*k. Is k a prime number?
False
Let v(m) = 1045*m**3 - 52*m**2 + 499*m + 19. Is v(8) a prime number?
False
Let f(p) = 5*p**2 - 18*p + 24. Suppose -4*o - 4*q = -132, 2*q = -12*o + 8*o + 136. Is f(o) a composite number?
False
Let x(i) = 33*i - 54. Let q be x(-13). Let j = 812 + q. Is j a composite number?
True
Suppose -2*u + 509033 = 7*u - 145006. Is u composite?
False
Let k(h) = -25*h**3 - 5*h**2 - 2*h + 15. Is k(-4) a composite number?
False
Is (-242102)/(-70) - -34 - (-6)/15 a prime number?
False
Let n = -1790931 - -2751820. Is n composite?
False
Let r(t) be the first derivative of 397*t**2/2 - 6*t + 77. Is r(17) a prime number?
False
Suppose -k = 1, 5*h = 4*k - k + 23. Is 15934/h - (-30)/(-48)*4 a prime number?
False
Let z be 570/171*(1 + 2). Let t(d) = 423*d + 211. Is t(z) composite?
False
Let s(q) = 709*q**2 - 1. Let c be s(1). Let m be (-120)/(-45) - (-36)/27. Suppose m*u - c = -0*u. Is u prime?
False
Let f be 3/4 + (-5)/(-20)*-15. Let k be (2/f)/(-2 + (-8)/(-6)). Is ((-4)/6)/(((-2)/4377)/k) composite?
False
Suppose -7 = -x + 2*x + 3*h, -4*h - 16 = 3*x. Let t be ((-4)/x*-6)/2 + -2. Let d(s) = 9*s**2 + 2*s + 22. Is d(t) composite?
True
Suppose -2*v = 3*l + 3, 3*v - 3*l + 1 = 4. Suppose -7 = 4*z - z - 4*s, v = 5*z + s + 4. Is (-199 + 5)/(-2*z/(-7)) a composite number?
True
Suppose -95 + 83 = -6*n. Suppose 36*r - 95098 = n*r. Is r composite?
False
Let a be 94 + (-1*(-1 - 0) - 3). Suppose 92 = -2*j + a. Suppose j*b + b = 191. Is b composite?
False
Let v(t) = 167*t**2 + 3*t - 1. Let q be v(2). Let r be 25040/30 + (-2)/(-6). Suppose -q = -4*l + r. Is l composite?
True
Suppose -3*r + 8*f - 6*f = 0, 2*r - 3*f + 5 = 0. Suppose -12 = 3*t, 4*g - r*t - 16 = 4. Suppose g*o = y - 760, 3*o + 10 = 1. Is y a composite number?
False
Let w = -28 + 30. Suppose -4*a + w*a = -10. Suppose 2862 + 343 = a*l. Is l prime?
True
Suppose -3*g - 11*u + 95867 = -12*u, -31961 = -g - u. Is g a composite number?
False
Let n(j) = j**2 - 6*j + 4. Let g be n(4). Let z(d) = 10 - 5 + 83*d - 320*d. Is z(g) composite?
False
Suppose 0 = -23*g + 27*g - 20. Suppose -11602 - 13253 = -g*z. Is z composite?
True
Let j(h) = 29426*h + 13. Let i be j(3). Suppose 0 = 18*x + i - 260209. Is x a composite number?
False
Let j(s) = 31*s**3 + s. Let n be j(1). Let p(c) = c + 4*c + 0*c + 22 - n*c. Is p(-5) a prime number?
True
Let i = 533509 - 226088. Is i composite?
True
Let q be 1/2*(2 - 0 - 42). Is -4*(3195/q - -2) composite?
False
Let q(k) = 1157*k - 10. Let y be q(2). Suppose 0 = -13*t + y + 998. Is t composite?
True
Suppose 0 = -11*s + 219772 + 24516. Suppose 5*a + 2*i = 111031, 0*a - i = a - s. Is a a prime number?
F